 digit of (-5)/(a/l + 0)?
1
Suppose g - 139 = -0*g - 3*p, -2 = -2*p. What is the hundreds digit of g?
1
Let m(h) = -2*h. What is the tens digit of m(-11)?
2
Let x be 6/(-8)*(-72)/3. Suppose -3*b + x = 3*f, 0*b + 27 = 4*b + 5*f. What is the units digit of b?
3
Let m(c) = -15*c + 41. What is the hundreds digit of m(-12)?
2
Let s(g) = g - 2. Let t be s(4). Suppose 0 + 18 = t*o. What is the units digit of o?
9
What is the tens digit of (-276)/(-6) - (2 + 0)/(-1)?
4
Suppose 0 = -i + 4*h - 17, 4*i + 0*i - 3*h + 3 = 0. Suppose i*m = -15, -2*m - 9 = -3*j + 1. What is the units digit of 18 + j + 1 + 2?
1
Suppose -h + s + 2 = 0, -8 = -4*h + s + 2*s. Let p(n) = n**3 + 0*n**h + 8 + 2*n**2 + 4*n**2 - n**2 - 5*n. What is the units digit of p(-6)?
2
Let i(d) = -d**2 + 16*d - 6. Let n be -4 - 6*(-8)/4. What is the units digit of i(n)?
8
Suppose a + 4*d + 0*d - 22 = 0, 3*d = 12. Suppose 0*b = -2*b - a. What is the units digit of -3*(0 + b)/3?
3
Suppose -3*q + 399 = 4*l + 2*q, -6 = -2*q. What is the units digit of l?
6
Let v(f) = -f**3 - 5*f**2 + 4. Let x be v(-6). Suppose 0*g + 4*p = -5*g - x, 0 = 5*p + 25. What is the units digit of (g - -3)*13*-1?
3
Suppose 5*x + 64 = 14. Let n = x + 19. Let o(v) = v**2 - 9*v + 8. What is the units digit of o(n)?
8
Let d be (3 - 0)/1 - -2. Let c be (7 - d)*3/2. Suppose 2*i - 3*n = 7, -i = c*n - 3 + 4. What is the units digit of i?
2
Let k be (8/(-6))/((-1)/18). Suppose 4*w = -4*q - k, 5*w - w = 2*q - 12. What is the tens digit of q/(-7) - 136/(-14)?
1
What is the tens digit of 5*25*(-2 + -2)/(-4)?
2
Let u = 15 - 52. Let t = u + 55. What is the tens digit of t?
1
Let z be 2 - (-3 - (-1 + -1)). Suppose -6*n = -3*n + 3*v, v = -z. What is the units digit of n?
3
Let v be -1 - 2/(1 - 2). Let z be v/(-5) + (-12)/(-10). What is the tens digit of z/(-1*(-1)/14)?
1
Let w(t) be the second derivative of t**4/6 + t**3 + t**2/2 + t. Suppose -6*y + 20 = -11*y. What is the units digit of w(y)?
9
Suppose -m - m + 46 = 0. Let r = -12 + m. What is the tens digit of r?
1
Suppose -5*a = 4*k - 66, 4*a - 35 = -3*k + 18. What is the tens digit of ((-152)/(-28))/(2/a)?
3
Let n(x) = -x**3 + 5*x**2 + 6*x + 4. Let v be n(6). Suppose -v*s = -0*s - 4. What is the units digit of s?
1
Let k(w) = 10*w**2 + w + 6. What is the units digit of k(3)?
9
Let d be 5/(-2)*(-112)/20. Suppose -j = -0*j - d. What is the tens digit of j?
1
Let a be (-1)/(45/21 + -2). Let z = -1 - a. Let n = 3 + z. What is the units digit of n?
9
Let k be 30/9 + 1/(-3). What is the units digit of (k/6)/((-2)/(-4))?
1
Let k(p) = 19*p + 10. What is the units digit of k(5)?
5
Let d(v) = v**3 + 5*v**2 + 3*v - 2. Let y be d(-4). Let l = -1 - -3. Suppose 16 = l*f + y*f. What is the units digit of f?
4
Let l = -29 + 45. Suppose 5*k + 14 = -l. Let w = k - -11. What is the units digit of w?
5
Let y(w) = w**2 - 4*w - 5. Let b be y(6). Suppose 4*j + 36 = b*j. Suppose -j + 40 = 2*r. What is the units digit of r?
4
Let u be ((-370)/15)/((-1)/(-3)). Let l = 104 + u. What is the units digit of l?
0
Suppose 4*y - 4 = 2*y. What is the units digit of y?
2
What is the tens digit of -4 - (3 - -59)/(-2)?
2
Suppose -5 = -5*j - 0. Suppose -j = g - 11. What is the tens digit of g?
1
Suppose -3*g = -317 - 130. What is the hundreds digit of g?
1
Let v = 3 - 1. Let f be (5 - 0) + v/(-2). Suppose -3*x - f = -5*x. What is the units digit of x?
2
Let u be ((-4)/(-5))/((-14)/(-420)). Let h = u - -2. What is the units digit of h?
6
Suppose 5*w + 28 = -4*t, -2*t = -5*w - 0*w - 16. Let r(x) be the first derivative of x**2/2 + 6*x - 2. What is the units digit of r(w)?
2
Let m be (12 - 6)/(3/2). Suppose 3*s - 16 = q, -2*q - m = -2. What is the units digit of s?
5
Let j = -14 + 43. What is the tens digit of j?
2
Suppose 4*n + 15 = 3*s, 2*s + 0 = 2*n + 10. Suppose n = t - 6 + 1. Suppose -2*b + 55 = -t*l, 6*l - 4*l = b - 25. What is the tens digit of b?
1
Let h = 18 - 28. What is the tens digit of 28/5*h/(-4)?
1
Let k(c) be the third derivative of -c**5/60 - 7*c**4/24 + 2*c**3/3 + 3*c**2. What is the units digit of k(-6)?
0
Let a(q) = -q**3 + 4*q**2 + q - 2. Let h = 27 + -3. Suppose -5*c = -5*d + h - 9, -d = -3*c - 3. What is the units digit of a(d)?
0
Suppose -2*h - 5*n = -3*n - 12, 2*h - 3*n + 3 = 0. Let o = h - -2. Suppose -2*x = -x - o. What is the units digit of x?
5
Suppose -3*n + 2 + 4 = 0. Suppose m - 42 = -n*m. What is the tens digit of m?
1
Let r(n) = n**3 + 10*n**2 - 2*n - 11. Let m be r(-10). Let c = m + -2. What is the units digit of c?
7
Let s(p) be the second derivative of p**5/20 + p**2/2 + 4*p. Let k(y) = -y**3 + 4*y**2 + 2. Let t be k(4). What is the units digit of s(t)?
9
Let x(h) = h - 2. Let k be x(4). Suppose m + 29 = r + r, -k*r - 5*m + 11 = 0. What is the units digit of 89/r - (-10)/65?
7
Let l(i) = 2*i**2 - 5*i + 2. Let q be l(3). Suppose 7*s - 34 = 2*s - 3*u, -q*u = -3*s + 34. Suppose -2*t + 12 = -s. What is the units digit of t?
0
Let u(y) = -4*y + 5*y + 3*y + y**2 - 3*y - 4. Let a be u(-3). Suppose 0 = -5*v + a*l + l + 96, -4*v - 5*l + 62 = 0. What is the units digit of v?
8
Suppose 26 = 2*f - 6*a + a, -4*f + 5*a + 32 = 0. Suppose 2*g + 2 = f*g. What is the units digit of g?
2
Let m(z) be the first derivative of z**4/4 + 2*z**3/3 - z**2 - 4*z - 2. What is the units digit of m(3)?
5
Let k be (-12)/4*(1 + 0). What is the units digit of k/(-12) - (-46)/8?
6
Let v = -8 + 9. Let o be 2 - (v/1 - 19). Suppose 0 = -2*n - 4*u + 2*u + o, -4*u = -5*n + 95. What is the tens digit of n?
1
Let t(o) = 2*o - 6. Let g be t(5). Suppose g*a - 4*i = 28, 3*i + 7 = 3*a - 7*a. Suppose 3*u = -a*u + 25. What is the units digit of u?
5
Suppose 2*o + 0*o - 52 = 0. What is the units digit of o?
6
Let b = 19 - -2. Suppose b = 3*f - 6. What is the units digit of f?
9
Let v = 55 - 31. What is the units digit of 2/(2 - v/15)?
5
Let a = 4 + -2. Suppose 5*q - 33 = a. What is the units digit of q?
7
Let p = 1 - 0. Let c be (-1)/p - 0/2. What is the units digit of ((-6)/(-15))/(c/(-10))?
4
Let n(k) = k - 1. Let j be n(5). Suppose 3*c + 3 + 0 = v, -j*v - 4 = 4*c. Suppose 7 = 4*a + 3*u, 2*a + v*u - 2 = -2*u. What is the units digit of a?
4
Let v = 16 - 8. Let z = -6 + v. What is the units digit of z?
2
Let z(t) be the second derivative of t**4/6 - 5*t**3/6 + 2*t**2 + 5*t. What is the units digit of z(3)?
7
What is the units digit of 274*((-6)/18)/((-2)/3)?
7
Let q(s) = s**2 - 6*s + 7. Let y be q(5). Suppose 5*z - 6 = -y*j, 5*z + 2 - 16 = 2*j. Suppose 2*m - 24 = -z*m. What is the units digit of m?
6
Suppose 0 = -5*q + 2*x + 116, 2*q - 2*x = 14 + 36. Suppose 2*v - q + 8 = -4*n, -3*v + 21 = -2*n. What is the units digit of v?
7
Let s = -23 + 35. Let t = s - 1. What is the units digit of t - ((-2)/(-1))/(-2)?
2
Let y(r) = -3*r**2 + 32*r - 5. What is the tens digit of y(10)?
1
Let v(k) = 12*k**3 + 2*k**2 - 1. Suppose 0*q + 24 = -3*q. Let w be 4*1 + 5 + q. What is the units digit of v(w)?
3
Suppose -28 = -z - 2*p + 6*p, -z = p - 3. Suppose j - 1 = z. What is the units digit of j?
9
Let c(g) = g**2 + 3*g - 59. What is the units digit of c(11)?
5
Suppose -185 + 700 = 5*b. What is the hundreds digit of b?
1
Let m = -51 - -81. What is the units digit of m?
0
Let r(w) be the third derivative of 2*w**5/15 + w**4/24 - w**2. What is the units digit of r(2)?
4
Suppose 4*m - 61 = -r, 3 = m + 4. What is the tens digit of r?
6
Suppose -2*h - 2*h = -152. What is the units digit of h?
8
Suppose 3*p = -2 - 1, -1 = -5*l + p. Let a = -2 + 4. Suppose l = -0*d + a*d - 30. What is the tens digit of d?
1
Let b be (-2)/(-6) - (-11)/3. Let z be 2*(-1)/(b/6). What is the units digit of 2/2 - (z - 3)?
7
Suppose -6*j + 11 + 19 = 0. What is the units digit of j?
5
Let r = 15 + -10. What is the tens digit of 20/(-6)*(-36)/r?
2
Let k(c) = -c**3 - 2*c**2 + 13*c - 5. What is the tens digit of k(-6)?
6
Let l = -6 + 14. Let h(q) = -2*q - 4. Let v be h(l). Let m = v + 29. What is the units digit of m?
9
Let y(q) = q**2 - 9*q - 2. Let r be y(9). What is the units digit of (-15 - (0 + -2))*r?
6
Suppose 4*m - 156 = -2*k, -3*k - 156 = -4*m - k. What is the units digit of m?
9
Suppose 4*b + 8 = -3*x, -2*x + 7*x + 10 = -5*b. Suppose -3*j + 111 = -x*j. What is the tens digit of j?
3
Let p(w) be the second derivative of 3*w**5/20 - w**4/6 + w**3/6 + w**2 + w. What is the tens 